294 is divided by 28?
26
Calculate the remainder when 6180 is divided by 1028.
12
Calculate the remainder when 10119 is divided by 10119.
0
Calculate the remainder when 1913 is divided by 605.
98
What is the remainder when 141446 is divided by 17680?
6
Calculate the remainder when 4586 is divided by 1515.
41
What is the remainder when 338170 is divided by 21?
7
Calculate the remainder when 479963 is divided by 239977.
9
Calculate the remainder when 611153 is divided by 511.
508
Calculate the remainder when 261456 is divided by 1251.
1248
What is the remainder when 16121 is divided by 504?
497
Calculate the remainder when 7747 is divided by 867.
811
Calculate the remainder when 28173 is divided by 1837.
618
Calculate the remainder when 1866 is divided by 876.
114
Calculate the remainder when 474009 is divided by 873.
843
Calculate the remainder when 17092 is divided by 1552.
20
What is the remainder when 1869 is divided by 484?
417
What is the remainder when 15077 is divided by 438?
185
Calculate the remainder when 306 is divided by 40.
26
What is the remainder when 540333 is divided by 60036?
9
Calculate the remainder when 16730 is divided by 57.
29
What is the remainder when 3466 is divided by 1727?
12
Calculate the remainder when 17365 is divided by 4.
1
Calculate the remainder when 46871 is divided by 279.
278
Calculate the remainder when 296 is divided by 68.
24
Calculate the remainder when 851 is divided by 95.
91
What is the remainder when 19580 is divided by 164?
64
What is the remainder when 574975 is divided by 4?
3
Calculate the remainder when 711860 is divided by 196.
184
What is the remainder when 1131170 is divided by 28?
26
Calculate the remainder when 10889 is divided by 82.
65
What is the remainder when 1064 is divided by 259?
28
What is the remainder when 16275 is divided by 484?
303
What is the remainder when 409134 is divided by 136369?
27
What is the remainder when 527200 is divided by 105439?
5
Calculate the remainder when 5048 is divided by 287.
169
What is the remainder when 4932 is divided by 120?
12
Calculate the remainder when 61031 is divided by 12199.
36
What is the remainder when 21909 is divided by 21887?
22
What is the remainder when 51314 is divided by 7328?
18
What is the remainder when 4892 is divided by 662?
258
Calculate the remainder when 16918 is divided by 260.
18
Calculate the remainder when 564 is divided by 186.
6
Calculate the remainder when 7115 is divided by 509.
498
What is the remainder when 10057 is divided by 234?
229
Calculate the remainder when 198514 is divided by 584.
538
Calculate the remainder when 60496 is divided by 275.
271
Calculate the remainder when 26617 is divided by 188.
109
What is the remainder when 37312 is divided by 64?
0
What is the remainder when 11824 is divided by 2923?
132
What is the remainder when 3123 is divided by 109?
71
Calculate the remainder when 3702 is divided by 234.
192
Calculate the remainder when 239854 is divided by 142.
16
Calculate the remainder when 4280 is divided by 55.
45
What is the remainder when 5671078 is divided by 20?
18
What is the remainder when 19978 is divided by 155?
138
What is the remainder when 2565 is divided by 2?
1
Calculate the remainder when 592764 is divided by 64.
60
Calculate the remainder when 1792 is divided by 152.
120
What is the remainder when 1363 is divided by 348?
319
What is the remainder when 8714 is divided by 1243?
13
Calculate the remainder when 5319 is divided by 1247.
331
Calculate the remainder when 200432 is divided by 101.
48
Calculate the remainder when 321740 is divided by 1375.
1365
What is the remainder when 13504 is divided by 130?
114
Calculate the remainder when 65055 is divided by 16260.
15
Calculate the remainder when 3418 is divided by 130.
38
What is the remainder when 6838 is divided by 415?
198
Calculate the remainder when 43822 is divided by 264.
262
What is the remainder when 448 is divided by 374?
74
Calculate the remainder when 259259 is divided by 16.
11
What is the remainder when 2933 is divided by 728?
21
What is the remainder when 1674 is divided by 9?
0
What is the remainder when 64758 is divided by 393?
306
What is the remainder when 63126 is divided by 20?
6
Calculate the remainder when 77267 is divided by 25755.
2
What is the remainder when 9065 is divided by 162?
155
Calculate the remainder when 329926 is divided by 533.
532
Calculate the remainder when 1481037 is divided by 748.
745
What is the remainder when 2862 is divided by 577?
554
What is the remainder when 58902 is divided by 43?
35
What is the remainder when 2304 is divided by 390?
354
Calculate the remainder when 6624 is divided by 221.
215
What is the remainder when 1957 is divided by 614?
115
Calculate the remainder when 806 is divided by 205.
191
Calculate the remainder when 1113825 is divided by 606.
603
What is the remainder when 5195 is divided by 393?
86
Calculate the remainder when 1553 is divided by 429.
266
What is the remainder when 33360 is divided by 32?
16
Calculate the remainder when 3033 is divided by 131.
20
What is the remainder when 15098 is divided by 350?
48
What is the remainder when 34564 is divided by 117?
49
Calculate the remainder when 6658 is divided by 1331.
3
Calculate the remainder when 5049 is divided by 79.
72
What is the remainder when 5068 is divided by 1687?
7
What is the remainder when 246167 is divided by 104?
103
Calculate the remainder when 7926 is divided by 352.
182
Calculate the remainder when 11533 is divided by 5457.
619
What is the remainder when 2568 is divided by 251?
58
What is the remainder when 864212 is divided by 108?
104
Calculate the remainder when 22639 is divided by 2825.
39
What is the remainder when 38693 is divided by 71?
69
Calculate the remainder when 6724 is divided by 3311.
102
Calculate the remainder when 31357 is divided by 3135.
7
What is the remainder when 56555 is divided by 56?
51
What is the remainder when 2289 is divided by 329?
315
What is the remainder when 20926 is divided by 10460?
6
Calculate the remainder when 279984 is divided by 5184.
48
Calculate the remainder when 236801 is divided by 61.
60
Calculate the remainder when 141617 is divided by 35403.
5
What is the remainder when 74384 is divided by 37189?
6
Calculate the remainder when 5879 is divided by 413.
97
What is the remainder when 59126 is divided by 118?
8
Calculate the remainder when 1826 is divided by 907.
12
What is the remainder when 62028 is divided by 85?
63
Calculate the remainder when 380 is divided by 136.
108
What is the remainder when 464 is divided by 155?
154
What is the remainder when 1265248 is divided by 83?
79
Calculate the remainder when 714112 is divided by 29.
16
Calculate the remainder when 1080 is divided by 55.
35
Calculate the remainder when 773 is divided by 227.
92
What is the remainder when 44669 is divided by 1309?
163
Calculate the remainder when 7977 is divided by 551.
263
What is the remainder when 44126 is divided by 2101?
5
Calculate the remainder when 146 is divided by 36.
2
Calculate the remainder when 18315 is divided by 193.
173
Calculate the remainder when 3332 is divided by 828.
20
What is the remainder when 62031 is divided by 42?
39
What is the remainder when 65966 is divided by 10?
6
What is the remainder when 6331 is divided by 181?
177
Calculate the remainder when 13340 is divided by 242.
30
Calculate the remainder when 1332 is divided by 441.
9
Calculate the remainder when 5671 is divided by 29.
16
Calculate the remainder when 4229 is divided by 241.
132
Calculate the remainder when 1192 is divided by 108.
4
Calculate the remainder when 7380 is divided by 127.
14
Calculate the remainder when 108902 is divided by 25.
2
What is the remainder when 5485 is divided by 2720?
45
What is the remainder when 68165 is divided by 68152?
13
Calculate the remainder when 362 is divided by 57.
20
Calculate the remainder when 7641 is divided by 594.
513
Calculate the remainder when 1598 is divided by 87.
32
Calculate the remainder when 11217 is divided by 699.
33
What is the remainder when 893 is divided by 306?
281
Calculate the remainder when 72251 is divided by 3141.
8
Calculate the remainder when 1938 is divided by 396.
354
Calculate the remainder when 2